55207.
37, 20411
List the prime factors of 291039.
3, 7, 13859
What are the prime factors of 977625?
3, 5, 11, 79
List the prime factors of 23893351.
23893351
List the prime factors of 10317529.
10317529
List the prime factors of 233473.
23, 10151
List the prime factors of 500794.
2, 7, 35771
What are the prime factors of 192727?
31, 6217
What are the prime factors of 380619?
3, 37, 127
List the prime factors of 96506.
2, 73, 661
What are the prime factors of 190667?
190667
What are the prime factors of 3998924?
2, 599, 1669
What are the prime factors of 1438293?
3, 479431
What are the prime factors of 20528?
2, 1283
What are the prime factors of 37908217?
3049, 12433
List the prime factors of 3569494.
2, 29, 61543
List the prime factors of 307241.
11, 17, 31, 53
List the prime factors of 2452555.
5, 7, 79, 887
List the prime factors of 5048599.
47, 163, 659
What are the prime factors of 3952520?
2, 5, 11, 13, 691
What are the prime factors of 1237440?
2, 3, 5, 1289
List the prime factors of 1872867.
3, 23, 27143
What are the prime factors of 264868?
2, 23, 2879
What are the prime factors of 3521741?
79, 44579
What are the prime factors of 348945?
3, 5, 43, 541
List the prime factors of 349266.
2, 3, 58211
List the prime factors of 1923385.
5, 313, 1229
What are the prime factors of 27119745?
3, 5, 19, 97, 109
What are the prime factors of 2087749?
277, 7537
What are the prime factors of 145494?
2, 3, 59, 137
List the prime factors of 1981368.
2, 3, 9173
What are the prime factors of 273858?
2, 3, 13, 3511
List the prime factors of 14282234.
2, 7141117
List the prime factors of 11432898.
2, 3, 277, 2293
What are the prime factors of 10676936?
2, 19, 3697
What are the prime factors of 2251626?
2, 3, 13, 28867
List the prime factors of 5983026.
2, 3, 7, 142453
What are the prime factors of 140903?
7, 20129
What are the prime factors of 357987?
3, 7, 17047
What are the prime factors of 236549?
236549
List the prime factors of 2903227.
2903227
What are the prime factors of 931073?
11, 13, 17, 383
What are the prime factors of 2294570?
2, 5, 269, 853
What are the prime factors of 1350259?
17, 79427
What are the prime factors of 8535872?
2, 41, 3253
List the prime factors of 8035918.
2, 11, 41, 59, 151
What are the prime factors of 232471?
37, 61, 103
What are the prime factors of 999822?
2, 3, 71, 2347
What are the prime factors of 5108462?
2, 2554231
List the prime factors of 678359.
11, 83, 743
What are the prime factors of 13153206?
2, 3, 11, 17, 19, 617
List the prime factors of 1562402.
2, 17, 45953
List the prime factors of 4238242.
2, 2119121
List the prime factors of 1196642.
2, 727, 823
What are the prime factors of 25855?
5, 5171
List the prime factors of 257311.
257311
List the prime factors of 14828508.
2, 3, 45767
What are the prime factors of 23648855?
5, 163, 29017
What are the prime factors of 97396?
2, 13, 1873
What are the prime factors of 2785399?
17, 163847
What are the prime factors of 565086?
2, 3, 53, 1777
List the prime factors of 126797.
11, 11527
List the prime factors of 5461429.
433, 12613
List the prime factors of 9360.
2, 3, 5, 13
What are the prime factors of 2915075?
5, 17, 19
What are the prime factors of 7274329?
149, 48821
What are the prime factors of 5986818?
2, 3, 29, 3823
List the prime factors of 5988777.
3, 17, 117427
What are the prime factors of 1390893?
3, 7, 107, 619
What are the prime factors of 24048267?
3, 8016089
List the prime factors of 1129151.
19, 67, 887
List the prime factors of 168120.
2, 3, 5, 467
List the prime factors of 249099.
3, 43, 1931
What are the prime factors of 305776?
2, 29, 659
List the prime factors of 12679.
31, 409
List the prime factors of 129724.
2, 7, 41, 113
List the prime factors of 513456.
2, 3, 19, 563
What are the prime factors of 99235?
5, 89, 223
What are the prime factors of 262430?
2, 5, 7, 23, 163
What are the prime factors of 34676157?
3, 23, 502553
List the prime factors of 21436339.
21436339
What are the prime factors of 7040281?
7040281
What are the prime factors of 38830?
2, 5, 11, 353
List the prime factors of 3419238.
2, 3, 31, 593
List the prime factors of 1536028.
2, 13, 109, 271
List the prime factors of 127650.
2, 3, 5, 23, 37
List the prime factors of 25799.
25799
List the prime factors of 4941192.
2, 3, 205883
List the prime factors of 3369101.
47, 97, 739
What are the prime factors of 12680329?
12680329
What are the prime factors of 1100494?
2, 421, 1307
What are the prime factors of 120525?
3, 5, 1607
List the prime factors of 16623580.
2, 5, 137, 6067
What are the prime factors of 95505?
3, 5, 6367
What are the prime factors of 1562381?
1562381
List the prime factors of 7778611.
7778611
What are the prime factors of 402050?
2, 5, 11, 17, 43
List the prime factors of 3139269.
3, 7, 149489
List the prime factors of 5176136.
2, 7, 92431
What are the prime factors of 1061531?
17, 41, 1523
What are the prime factors of 34628?
2, 11, 787
What are the prime factors of 2352157?
2352157
List the prime factors of 694461.
3, 83, 2789
What are the prime factors of 438094?
2, 317, 691
List the prime factors of 185165.
5, 29, 1277
What are the prime factors of 246624?
2, 3, 7, 367
List the prime factors of 260833.
97, 2689
What are the prime factors of 30410?
2, 5, 3041
What are the prime factors of 821636?
2, 19, 569
What are the prime factors of 236079?
3, 17, 1543
List the prime factors of 14356215.
3, 5, 319027
List the prime factors of 256149.
3, 53, 179
List the prime factors of 2421657.
3, 7, 4271
List the prime factors of 4749372.
2, 3, 131927
List the prime factors of 3087494.
2, 67, 23041
List the prime factors of 2292042.
2, 3, 17, 23, 977
List the prime factors of 126348.
2, 3, 10529
What are the prime factors of 2394425?
5, 11, 8707
What are the prime factors of 6243790?
2, 5, 7, 191, 467
What are the prime factors of 1871122?
2, 11, 17, 5003
What are the prime factors of 1335035?
5, 13, 19, 23, 47
What are the prime factors of 17289124?
2, 59, 73259
What are the prime factors of 11559952?
2, 239, 3023
List the prime factors of 10405077.
3, 3468359
List the prime factors of 640703.
7, 91529
What are the prime factors of 11861812?
2, 29, 293, 349
List the prime factors of 434939.
434939
What are the prime factors of 11703546?
2, 3, 499, 1303
What are the prime factors of 26475650?
2, 5, 529513
List the prime factors of 359086.
2, 7, 13, 1973
What are the prime factors of 270358?
2, 11, 12289
What are the prime factors of 17347775?
5, 103, 6737
List the prime factors of 5943183.
3, 17, 116533
What are the prime factors of 46844?
2, 7, 239
List the prime factors of 1458624.
2, 3, 71, 107
List the prime factors of 16935844.
2, 4233961
What are the prime factors of 694065?
3, 5, 46271
What are the prime factors of 1434582?
2, 3, 79699
What are the prime factors of 131520?
2, 3, 5, 137
List the prime factors of 316087.
316087
List the prime factors of 1537832.
2, 192229
List the prime factors of 452525.
5, 23, 787
List the prime factors of 674982.
2, 3, 7, 11, 487
List the prime factors of 1524074.
2, 762037
List the prime factors of 835209.
3, 92801
What are the prime factors of 626578?
2, 313289
What are the prime factors of 282498?
2, 3, 197, 239
List the prime factors of 181067.
17, 10651
List the prime factors of 611230.
2, 5, 19, 3217
What are the prime factors of 6085842?
2, 3, 7, 47, 3083
What are the prime factors of 122047?
31, 127
What are the prime factors of 5615134?
2, 7, 17, 23593
List the prime factors of 2207906.
2, 401, 2753
What are the prime factors of 5088403?
1129, 4507
List the prime factors of 14020798.
2, 11, 637309
What are the prime factors of 370256?
2, 73, 317
List the prime factors of 4684493.
11, 109, 3907
What are the prime factors of 2998968?
2, 3, 7, 17851
List the prime factors of 16325065.
5, 31, 105323
List the prime factors of 78911.
7, 11273
List the prime factors of 1070158.
2, 29, 18451
List the prime factors of 5938142.
2, 7, 523, 811
List the prime factors of 9832159.
863, 11393
List the prime factors of 2469837.
3, 103, 7993
What are the prime factors of 486639?
3, 139, 389
List the prime factors of 1123717.
7, 17, 19, 71
List the prime factors of 31062734.
2, 15531367
List the prime factors of 3268493.
326